4*o**3 + 13*o**2 - 37*o - 148. What is j(-6)?
1406
Let r(i) = -567*i - 5242. What is r(-9)?
-139
Let v(i) = 114173*i - 229136. Determine v(2).
-790
Let p(d) = 6*d**2 - 5823*d - 1322963. What is p(-190)?
7
Let t(q) = -q**3 + 143*q**2 - 3455*q - 533. Determine t(112).
1371
Let a(o) = -14*o**2 - 105*o - 175. What is a(-8)?
-231
Let v(q) = 86*q - 14737. Determine v(174).
227
Let z(b) = -b**3 + 59*b**2 + 958*b - 970. Determine z(-14).
-74
Let d(c) = -c**3 + 4*c**2 + 67828*c + 609401. Give d(-9).
2
Let k(b) = 4*b**2 + 44565*b + 89111. Determine k(-2).
-3
Let o(l) = 868*l**2 + 65973*l + 385. What is o(-76)?
5
Let m(n) = -65*n**3 - 4093*n**2 + 131*n + 322. Calculate m(-63).
7
Let b(g) = -653*g - 18485. Calculate b(-29).
452
Let p(c) = -5*c**3 + 14*c**2 + 439*c - 1351. Determine p(3).
-43
Let m(t) = 6*t**3 + 2283*t**2 + 25467*t + 2210. Calculate m(-369).
-4
Let x(p) = p**3 + 23*p**2 - 249*p - 5003. Give x(-25).
-28
Let a(w) = -w**2 - 190*w + 20780. Calculate a(77).
221
Let y(z) = -2*z**2 + 2721*z - 207273. Determine y(81).
6
Let c(w) = 88*w - 13334. Give c(153).
130
Let q(b) = -7277*b + 319614. Give q(44).
-574
Let r(j) = j**3 + 2*j**2 - 609*j - 2436. Determine r(-4).
-32
Let u(m) = 45*m**3 - 8*m**2 - 28161*m + 28161. What is u(1)?
37
Let a(d) = -54*d**3 + 1089*d**2 - 184*d + 37. Determine a(20).
-43
Let d(k) = -139780*k + 139771. What is d(1)?
-9
Let u(h) = -61*h**2 + 214*h + 1053. Give u(-5).
-1542
Let l(t) = -2*t**3 + 2523*t**2 - 8854*t + 60400. Give l(1258).
16
Let j(m) = 11*m**2 - 4133*m - 47979. What is j(387)?
9
Let x(y) = -y**3 + 20*y**2 - 18*y - 16. Determine x(19).
3
Let l(b) = -4*b**2 + 5810*b - 28952. What is l(5)?
-2
Let o(j) = 1362*j**2 + 14977*j - 77. What is o(-11)?
-22
Let z(c) = 15*c**3 - 159*c**2 + 20*c - 8. What is z(11)?
938
Let i(s) = 8*s**2 + 1098*s - 4412. What is i(4)?
108
Let d(f) = 766*f + 61562. Give d(-80).
282
Let q(p) = p**2 + 111*p + 2998. Calculate q(-47).
-10
Let t(n) = -2*n**3 - 1092*n**2 - 24063*n - 2611. Give t(-523).
4
Let l(b) = -4*b**3 - 68*b**2 - 253*b - 555. What is l(-13)?
30
Let y(q) = 2*q**2 - 5257*q + 2498832. Give y(623).
-21
Let o(k) = -k**3 + 191*k**2 - 7239*k + 210. Determine o(139).
-1319
Let r(x) = -3*x**3 - 303*x**2 + 1920*x - 644. Calculate r(-107).
-2
Let c(k) = 10362*k - 352302. Determine c(34).
6
Let k(z) = -138813*z - 33731552. Calculate k(-243).
7
Let r(u) = u**2 - 77922*u - 623456. What is r(-8)?
-16
Let d(p) = 107*p - 21171. Calculate d(199).
122
Let g(x) = -1945*x - 721557. Determine g(-371).
38
Let q(g) = 2*g**3 + 431*g**2 + 253*g + 8056. Calculate q(-215).
-114
Let p(y) = y**3 - 38*y**2 - 29*y + 707. What is p(38)?
-395
Let i(w) = 323*w + 11512. Determine i(-35).
207
Let i(l) = 56*l**2 + 1564*l + 22. What is i(-28)?
134
Let n(u) = -536*u**3 - 1121*u**2 + 5*u - 8. What is n(-2)?
-214
Let k(z) = 67*z - 893. Give k(10).
-223
Let r(z) = -60*z**2 + 365*z + 193. What is r(7)?
-192
Let t(q) = -3*q**2 + 1179*q + 120209. Calculate t(477).
5
Let x(a) = -a**3 - 68*a**2 + 443*a + 256. What is x(-74)?
330
Let j(d) = 80333*d + 3534670. What is j(-44)?
18
Let t(x) = 41*x**2 - 111*x + 858. What is t(5)?
1328
Let j(x) = 1108*x + 20790. Calculate j(-17).
1954
Let m(c) = 13*c**2 + 15233*c - 76185. Determine m(5).
305
Let l(x) = 363*x - 25683. Give l(71).
90
Let h(s) = s**2 - 225*s + 6632. Give h(34).
138
Let h(x) = -5*x**3 - 273*x**2 - 309*x - 7980. What is h(-54)?
-42
Let x(k) = 508*k + 142238. Determine x(-280).
-2
Let p(v) = -22*v**2 - 38*v + 3365. What is p(0)?
3365
Let y(l) = 8*l**2 + 591*l - 4085. Calculate y(-80).
-165
Let b(y) = 17083*y - 1520297. Calculate b(89).
90
Let w(r) = r**3 + 17*r**2 - 6*r - 788. Calculate w(-11).
4
Let q(v) = 2*v**3 - 36*v**2 + 65*v - 176. What is q(17)?
351
Let f(m) = 236*m**2 - 1453*m + 22. Calculate f(6).
-200
Let q(l) = -l**3 + 35*l**2 - 192*l - 1168. What is q(28)?
-1056
Let x(c) = 19*c**2 + 32759*c - 65523. Give x(2).
71
Let s(q) = -3*q**3 + 43*q**2 - 170*q - 20. Calculate s(4).
-204
Let l(d) = 3*d**3 - 738*d**2 - 8483*d - 98. Give l(257).
-612
Let y(v) = -1246424*v - 31160586. Calculate y(-25).
14
Let w(l) = 2*l**3 + 10*l**2 + 1450*l + 13265. What is w(-9)?
-433
Let s(l) = 2*l**3 - 11*l**2 - 211*l + 1251. Give s(6).
21
Let j(b) = -2383*b + 259215. Determine j(109).
-532
Let v(n) = 7655*n - 3314597. Give v(433).
18
Let h(i) = 333*i + 3738. Give h(-11).
75
Let o(y) = -4*y**2 + 1255*y + 14711. Determine o(325).
86
Let d(a) = 4*a**2 + 75*a - 2874. Calculate d(19).
-5
Let z(r) = 38950*r - 350574. Determine z(9).
-24
Let h(g) = -776162*g - 776156. Calculate h(-1).
6
Let j(l) = 8940*l + 35809. Give j(-4).
49
Let s(c) = -2*c**3 + 45*c**2 + 276*c - 135. What is s(28)?
-1031
Let a(c) = -154*c - 22431. Determine a(-145).
-101
Let c(t) = 4*t**2 + 121*t - 53. Calculate c(-24).
-653
Let m(i) = 2*i**3 + 30*i**2 + 37*i - 376. Determine m(-13).
-181
Let j(z) = 40*z**2 + 20*z + 76. Calculate j(-4).
636
Let a(c) = -46*c**3 - 10*c**2 + 9*c - 8. What is a(2)?
-398
Let o(z) = -z**3 + 37*z**2 - 300*z + 12458. What is o(38)?
-386
Let h(k) = -2*k**3 - 74*k**2 - 128*k + 104. Give h(-35).
-316
Let k(n) = n**2 + 951*n + 183411. Calculate k(-269).
-47
Let l(h) = -6*h**2 - 5608*h - 192395. Calculate l(-899).
-9
Let i(s) = -393*s + 11622. Calculate i(37).
-2919
Let g(o) = -2*o**3 + 201*o**2 - 111*o - 2638. Determine g(4).
6
Let z(v) = -5*v**3 - v**2 - 48*v + 131. Determine z(6).
-1273
Let s(k) = -20922*k - 12. What is s(0)?
-12
Let u(t) = 531*t**2 - 192*t - 188. What is u(-1)?
535
Let p(i) = -i**3 + 66*i**2 + 51*i + 1685. Give p(67).
613
Let l(n) = 1516*n + 561050. Calculate l(-370).
130
Let a(f) = 13*f**3 + 99*f**2 + 191*f + 83. Give a(-2).
-7
Let o(f) = -4*f**2 + 48*f + 6794. Give o(-36).
-118
Let j(x) = x**3 - 37*x**2 - 4129*x - 8497. What is j(-47)?
10
Let c(z) = 187*z + 1745. Determine c(-7).
436
Let r(o) = -433*o - 18204. Give r(-42).
-18
Let x(y) = -722*y + 1161. Give x(0).
1161
Let z(f) = 2*f**3 - 839*f**2 - 297*f + 300152. Give z(419).
148
Let y(t) = -132757*t - 796546. Give y(-6).
-4
Let v(b) = 71*b**2 - 2768*b + 5213. Give v(37).
-4
Let i(c) = -39728*c - 516487. Calculate i(-13).
-23
Let c(m) = -57885*m - 231542. Give c(-4).
-2
Let w(f) = 2003643*f + 10018210. Calculate w(-5).
-5
Let t(z) = 567861*z - 5678593. Determine t(10).
17
Let b(s) = -72132*s + 4039377. Calculate b(56).
-15
Let a(g) = -1681*g**3 + 6*g**2 - 92*g - 97. What is a(-1)?
1682
Let h(z) = -3*z**3 - 430*z**2 - 291*z - 21136. What is h(-143)?
28
Let x(i) = -11*i**3 + 43*i**2 - 40*i + 87. Calculate x(0).
87
Let h(s) = -9479*s - 426525. What is h(-45)?
30
Let l(x) = 76137*x + 609350. Give l(-8).
254
Let w(k) = -89949*k - 179893. Calculate w(-2).
5
Let y(c) = -c**3 - 161*c**2 - 1230*c - 48. What is y(-8)?
0
Let f(v) = -338113*v - 338098. Determine f(-1).
15
Let l(y) = -3*y**3 - 2*y**2 + 167*y + 1463. Calculate l(-9).
1985
Let o(y) = y**3 - 7*y**2 - 34*y - 216. What is o(-13)?
-3154
Let f(a) = -a**3 - 432*a**2 + 1292*a - 5610. What is f(-435)?
45
Let m(a) = 4351*a - 208851. Determine m(48).
-3
Let c(u) = u**3 + 77*u**2 - 379*u + 2588. Calculate c(-82).
46
Let j(c) = c**3 - c**2 + 1321*c - 120. What is j(0)?
-120
Let a(f) = 99392*f + 3279886. Give a(-33).
-50
Let j(w) = 360*w + 3752. What is j(-11)?
-208
Let t(x) = x**3 - 321*x**2 - 17820*x + 15207. Calculate t(-49).
17
Let q(z) = 5981*z - 209305. Determine q(35).
30
Let a(q) = -q**3 - 37*q**2 + 3322*q - 321. What is a(-79)?
-637
Let x(a) = -2*a**3 - 285*a**2 + 2252*a + 513. Determine x(-150).
213
Let h(n) = -2*n**3 - 26*n**2 - 79*n - 61. What is h(-11)?
324
Let u(d) = 3*d**3 - 175*d**2 - 1945*d + 116111. Give u(58).
-63
Let z(p) = -1337*p - 44120. What is z(-33)?
1
Let f(k) = k**2 + 1298*k + 63598. What is f(-51)?
1
Let f(g) = -14662*g - 68542. Determine f(-5).
4768
Let f(i) = i**2 - 11589*i - 173955. What is f(-15)?
105
Let k(z) = -z**3 + 27*z**2 - 498*z + 12225. Determine k(26).
-47
Let h(a) = 1724*a**2 + 13766*a - 252. What is h(-8)?
-44
Let t(k) = -k**3 + 52*k**2 + 534*k + 1331. Give t(61).
416
Let b(v) = 3*v**2 + 749*v + 5046. Determine b(-7).
-50
Let d(o) = 3*o**2 - 1707*o + 5090. Give d(566).
-4
Let i(x) = 5*x**3 + 103*x**2 - 84*x - 4484. Determine i(-19).
0
Let c(v) = 620643*v - 14895437. Give c(24).
-5
Let m(f) = 11*f**2 - 768*f - 1486. Calculate m(-2).
94
Let h(